 - 10*v**2 - 76*v - 172. Calculate m(-3).
-7
Let g(r) = 5815*r + 472053. Give g(-81).
1038
Let x(b) = b**3 - 223*b**2 - 1140*b + 104433. What is x(226)?
21
Let b(u) = -153*u**3 + 8*u**2 - 16*u - 24. Give b(-1).
153
Let n(j) = -j**3 + 15*j**2 - 377. Calculate n(14).
-181
Let n(z) = -8*z**2 + 2584*z - 25037. Determine n(313).
3
Let m(g) = -2*g**3 - 36*g**2 - 375*g - 5748. Calculate m(-17).
49
Let c(p) = -p**2 - 184*p - 7012. Calculate c(-130).
8
Let k(z) = -2354*z + 22597. What is k(11)?
-3297
Let h(t) = 77*t**2 + 6004*t - 198. Calculate h(-78).
-42
Let c(i) = 3*i**2 + 37580*i - 225595. Determine c(6).
-7
Let f(g) = -36*g**2 - 203*g - 58. What is f(-2)?
204
Let v(b) = -56*b**2 - 20*b - 166. Calculate v(-6).
-2062
Let b(j) = j**3 - 2*j**2 - 24*j - 21. Give b(-8).
-469
Let c(g) = 145*g + 7619. What is c(-52)?
79
Let g(a) = a**3 + 28*a**2 + 56*a + 296. Determine g(-20).
2376
Let l(j) = -j**3 - 25*j**2 - 60*j + 19. Determine l(-23).
341
Let x(g) = -8178*g + 441593. Calculate x(54).
-19
Let f(u) = 1221*u - 398. Give f(0).
-398
Let r(w) = 6431*w + 3112607. What is r(-484)?
3
Let q(l) = -l**3 - 24*l**2 - 89*l - 858. Calculate q(-22).
132
Let y(o) = 12*o**2 - 335*o + 2149. Give y(10).
-1
Let k(w) = -3105*w + 1224. Give k(1).
-1881
Let m(s) = -20*s**2 + 1084*s - 345. Give m(56).
-2361
Let h(l) = -18*l - 465. Calculate h(-21).
-87
Let m(x) = 4*x**2 + 78*x - 434. Calculate m(-25).
116
Let t(l) = 2*l**2 + 26064*l + 26063. Give t(-1).
1
Let j(l) = -897*l - 366012. Calculate j(-408).
-36
Let r(f) = 15*f**2 - 481*f + 1706. Determine r(28).
-2
Let g(q) = 1567*q - 28300. What is g(18)?
-94
Let u(f) = -4*f**3 + 115*f**2 + 24*f + 523. What is u(29)?
378
Let a(l) = 66*l**2 + 21591*l + 2971. Determine a(-327).
28
Let k(w) = -4*w**3 + 30*w**2 - 2058*w - 8965. Give k(-4).
3
Let r(t) = t**2 + 22025*t + 242167. Determine r(-11).
13
Let s(w) = -45*w**2 - 557*w - 1966. What is s(-7)?
-272
Let u(w) = -1619*w**2 - 46947*w + 130. What is u(-29)?
14
Let f(v) = 8*v**3 + 423*v**2 - 63*v + 528. Determine f(-53).
1058
Let c(t) = 4*t**2 + 484*t + 3150. Calculate c(-114).
-42
Let b(h) = -2199*h + 75763. Give b(34).
997
Let i(f) = -38*f**2 + 4066*f - 90. What is i(107)?
-90
Let q(j) = -440*j**2 - 1330*j - 9. Calculate q(-3).
21
Let z(v) = 1097*v - 721834. Calculate z(658).
-8
Let k(w) = -w**3 - 295*w**2 - 1081*w + 337. Determine k(-4).
5
Let c(y) = 14*y**3 - 68*y**2 - 340*y + 1651. Calculate c(5).
1
Let l(m) = -415612*m + 2078039. Determine l(5).
-21
Let z(u) = -275*u**3 + 516*u**2 + 55*u + 31. Give z(2).
5
Let i(x) = x**3 + 11*x**2 - 2303*x - 39. What is i(43)?
778
Let a(v) = v**2 + 61*v - 10217. Determine a(75).
-17
Let a(v) = -530*v**2 - 61*v - 49. What is a(-1)?
-518
Let u(m) = 2902*m + 11144. Give u(-4).
-464
Let i(v) = v**3 + 215*v**2 + 53*v + 11675. What is i(-215)?
280
Let c(u) = -u**3 - 5854*u**2 - 116696*u - 317. What is c(-20)?
3
Let q(m) = 3*m**3 - 87*m**2 - 256*m + 7422. Calculate q(29).
-2
Let m(z) = z**3 - 106*z**2 - 1162*z + 171. Give m(116).
-61
Let f(l) = -l**2 + 40*l + 11907. What is f(131)?
-14
Let f(y) = -14*y + 720. What is f(54)?
-36
Let w(r) = -r**3 + 11*r**2 + 280*r - 2606. Determine w(9).
76
Let v(r) = -32*r + 24. What is v(-33)?
1080
Let p(b) = b**2 - 686968*b - 4121839. Give p(-6).
5
Let m(b) = -b**3 - 38*b**2 + 116*b + 5660. What is m(-37)?
-1
Let k(g) = -449*g + 18864. What is k(47)?
-2239
Let j(n) = 916*n**2 - 2338*n - 1224. Give j(3).
6
Let q(y) = -19507*y + 39030. What is q(2)?
16
Let l(i) = i**2 + 101*i - 2478. What is l(20)?
-58
Let y(q) = -q**3 - 80*q**2 - 59*q + 1558. What is y(-79)?
-22
Let t(m) = -m**3 - 152*m**2 + 179*m + 3938. Calculate t(-153).
-40
Let d(i) = 698*i - 1910. What is d(3)?
184
Let f(h) = -7*h**2 - 243*h + 2693. What is f(11)?
-827
Let b(l) = l**2 + 5716*l - 120495. Calculate b(21).
-18
Let s(p) = -4*p**3 - 6*p**2 - 65*p - 15. Calculate s(-6).
1023
Let l(r) = 7065*r - 21291. Calculate l(3).
-96
Let p(a) = a**2 + 3919*a - 35356. Give p(9).
-4
Let b(z) = 3*z**3 + 176*z**2 + 111*z - 517. What is b(-58)?
-227
Let h(s) = -8*s**3 + 86*s**2 + 371*s - 3003. What is h(12)?
9
Let y(t) = -9*t**2 - 72*t + 3149. Calculate y(-23).
44
Let s(l) = -l**3 + 62*l**2 + 197*l - 236. Give s(65).
-106
Let c(o) = -3*o**2 + 170*o - 44. Determine c(-7).
-1381
Let l(w) = 60*w**2 + 18506*w - 18504. What is l(1)?
62
Let t(g) = -2*g**3 + 120*g**2 + 149*g - 152. Calculate t(61).
1495
Let w(r) = -1199*r - 224189. What is w(-187)?
24
Let c(k) = 812*k**2 - 42224*k + 3. Calculate c(52).
3
Let t(c) = 11*c**3 + 1113*c**2 + 203*c + 63. Give t(-101).
-38
Let h(g) = -g**3 + 11*g**2 + 317*g - 3700. Give h(20).
-960
Let o(x) = -3*x**3 + 1165*x**2 + 2997*x + 51218. Calculate o(391).
-3
Let m(h) = -h**3 - 42*h**2 - 2130*h - 57905. Give m(-32).
15
Let n(u) = u**3 - 41*u**2 + 421*u - 163. What is n(18)?
-37
Let f(q) = 9*q**2 + 1420*q + 33592. Give f(-29).
-19
Let v(r) = -r**3 + 1226*r**2 - 42850*r + 386. Calculate v(36).
26
Let j(x) = -2*x**3 + 46*x**2 - 69*x + 577. What is j(20)?
1597
Let n(k) = 6*k**2 + 7475*k - 661770. Give n(83).
-11
Let m(t) = -t**2 + 16394*t + 246136. Determine m(-15).
1
Let f(g) = 3*g**3 - 6117*g**2 + 18324*g + 4. Determine f(3).
4
Let n(z) = -139558*z - 2651605. Calculate n(-19).
-3
Let k(s) = s**3 + 68*s**2 - 168*s - 11430. What is k(-68)?
-6
Let q(c) = -774*c**2 - 3902*c + 4. Determine q(-5).
164
Let a(h) = -314*h - 17465. Give a(-57).
433
Let r(t) = -77*t**2 - 12103*t - 2197. Determine r(-157).
1
Let d(b) = 2*b**3 - 35*b**2 - 401*b + 6982. What is d(16)?
-202
Let c(x) = 2*x**3 - 22*x**2 + 57*x + 247. Calculate c(9).
436
Let n(z) = 139*z - 154. Determine n(0).
-154
Let o(c) = c**2 + 756*c - 13027. Give o(17).
114
Let n(u) = u**3 - 226*u**2 - 1058*u - 22515. What is n(231)?
-108
Let m(p) = -116*p**2 - 18315*p + 2035. Give m(-158).
-19
Let g(s) = 2*s**2 - 93*s - 324140. What is g(-380)?
0
Let j(w) = -238*w + 1940. What is j(8)?
36
Let g(s) = 3324*s + 1160077. Give g(-349).
1
Let r(a) = 3*a**2 + 399440*a - 3195716. Give r(8).
-4
Let o(z) = -748*z + 104720. Determine o(139).
748
Let r(j) = 181*j + 1096. Determine r(-8).
-352
Let v(x) = 594*x**2 - 19131*x + 3945. Give v(32).
9
Let v(q) = 5*q**3 + 61*q**2 + 203*q + 1630. Give v(-11).
123
Let f(t) = -2003*t**2 + 26112*t - 947. Determine f(13).
2
Let w(z) = -272134*z + 4898410. Determine w(18).
-2
Let a(k) = -6367*k + 1451678. What is a(228)?
2
Let q(h) = 349*h**2 - 425*h + 429. What is q(1)?
353
Let p(y) = 3*y**2 + 159*y - 5296. Determine p(29).
1838
Let x(g) = -3*g**3 - 55*g**2 - 10*g + 179. What is x(-18)?
35
Let u(b) = b**2 - 7657*b - 122756. Determine u(-16).
12
Let o(v) = -16*v**2 + 8135*v - 35719. Calculate o(504).
65
Let a(i) = -11*i**2 - 8578*i - 286756. Give a(-35).
-1
Let i(o) = -15351*o + 92462. What is i(6)?
356
Let z(g) = -g**2 + 133*g + 2452. Calculate z(-16).
68
Let k(m) = -31847*m + 3821636. Determine k(120).
-4
Let x(j) = 8194*j + 303165. Determine x(-37).
-13
Let k(r) = -123*r - 3894. What is k(-38)?
780
Let p(j) = j**2 - 195635*j - 1173845. What is p(-6)?
1
Let j(o) = 6*o**3 - 88*o**2 - 105*o - 46. Calculate j(17).
2215
Let c(d) = d**2 + 1324*d - 51763. Give c(38).
-7
Let f(s) = 16906*s - 118346. What is f(7)?
-4
Let h(v) = 2*v**3 + 26*v**2 - 80*v - 1093. What is h(-13)?
-53
Let v(y) = -2*y**3 + 37*y**2 + 1317*y - 17685. Give v(12).
-9
Let x(z) = -2*z**3 + 6*z**2 - 463*z - 1444. Give x(-3).
53
Let a(h) = 84*h - 979. Calculate a(9).
-223
Let y(k) = -k**3 + 22*k + 149. Determine y(6).
65
Let a(j) = 151*j**2 - 139*j - 915. What is a(-6)?
5355
Let d(y) = -5*y**3 + 1033*y**2 + 406*y + 2260. What is d(207)?
604
Let a(n) = -2248*n**2 - 80939*n - 390. What is a(-36)?
6
Let c(r) = -30*r + 97. Determine c(11).
-233
Let w(c) = -2*c**2 + 104*c - 1316. Give w(26).
36
Let g(h) = 928*h - 112394. Calculate g(121).
-106
Let g(f) = -3*f**3 + 49*f**2 + 1191*f - 19320. Give g(16).
-8
Let i(d) = -8591*d + 309278. What is i(36)?
2
Let s(y) = -y**3 + 5*y**2 + 118*y + 22. What is s(14)?
-90
Let u(z) = -z**2 - 395*z + 20797. Determine u(47).
23
Let j(l) = 4*l**2 - 2*l + 142. What is j(5)?
232
Let z(l) = l**3 - 162*l**2 + 384*l - 10150. Calculate z(160).
90
Let d(g) = -601*g - 5352. Give d(-10).
658
Let t(p) = 120*p - 6852. Calculate t(59).
228
Let k(m) = 51*m - 7218. What is k(113)?
-1455
Let r(j) = -j**2 